{"id":1054,"date":"2024-01-29T11:15:14","date_gmt":"2024-01-29T10:15:14","guid":{"rendered":"http:\/\/projekt.frenz-communication.de\/Mangold\/?page_id=1054"},"modified":"2024-02-16T00:09:43","modified_gmt":"2024-02-15T23:09:43","slug":"philosophie","status":"publish","type":"page","link":"http:\/\/projekt.frenz-communication.de\/Mangold\/philosophie\/","title":{"rendered":"Philosophie"},"content":{"rendered":"<div data-colibri-id=\"1054-c1\" class=\"style-892 style-local-1054-c1 position-relative\">\n  <!---->\n  <div data-colibri-component=\"section\" data-colibri-id=\"1054-c2\" id=\"custom\" class=\"h-section h-section-global-spacing d-flex align-items-lg-center align-items-md-center align-items-center style-897 style-local-1054-c2 position-relative\">\n    <!---->\n    <!---->\n    <div class=\"h-section-grid-container h-section-boxed-container\">\n      <!---->\n      <div data-colibri-id=\"1054-c3\" class=\"h-row-container gutters-row-lg-1 gutters-row-md-1 gutters-row-0 gutters-row-v-lg-1 gutters-row-v-md-1 gutters-row-v-1 style-898 style-local-1054-c3 position-relative\">\n        <!---->\n        <div class=\"h-row justify-content-lg-center justify-content-md-center justify-content-center align-items-lg-stretch align-items-md-stretch align-items-stretch gutters-col-lg-1 gutters-col-md-1 gutters-col-0 gutters-col-v-lg-1 gutters-col-v-md-1 gutters-col-v-1\">\n          <!---->\n          <div class=\"h-column h-column-container d-flex h-col-lg-auto h-col-md-auto h-col-auto style-899-outer style-local-1054-c4-outer\">\n            <div data-colibri-id=\"1054-c4\" class=\"d-flex h-flex-basis h-column__inner h-px-lg-1 h-px-md-1 h-px-1 v-inner-lg-1 v-inner-md-1 v-inner-1 style-899 style-local-1054-c4 position-relative\">\n              <!---->\n              <!---->\n              <div class=\"w-100 h-y-container h-column__content h-column__v-align flex-basis-100 align-self-lg-start align-self-md-start align-self-start\">\n                <!---->\n                <div data-colibri-id=\"1054-c5\" class=\"h-row-container gutters-row-lg-2 gutters-row-md-2 gutters-row-0 gutters-row-v-lg-2 gutters-row-v-md-2 gutters-row-v-2 style-900 style-local-1054-c5 position-relative\">\n                  <!---->\n                  <div class=\"h-row justify-content-lg-center justify-content-md-center justify-content-center align-items-lg-stretch align-items-md-stretch align-items-stretch gutters-col-lg-2 gutters-col-md-2 gutters-col-0 gutters-col-v-lg-2 gutters-col-v-md-2 gutters-col-v-2\">\n                    <!---->\n                    <div class=\"h-column h-column-container d-flex h-col-lg-auto h-col-md-auto h-col-auto style-901-outer style-local-1054-c6-outer\">\n                      <div data-colibri-id=\"1054-c6\" class=\"d-flex h-flex-basis h-column__inner h-px-lg-2 h-px-md-2 h-px-2 v-inner-lg-2 v-inner-md-2 v-inner-2 style-901 style-local-1054-c6 position-relative\">\n                        <!---->\n                        <!---->\n                        <div class=\"w-100 h-y-container h-column__content h-column__v-align flex-basis-100 align-self-lg-start align-self-md-start align-self-start\">\n                          <!---->\n                          <div data-colibri-id=\"1054-c7\" class=\"d-block style-904 style-local-1054-c7 position-relative h-element\">\n                            <!---->\n                            <div class=\"h-image__frame-container-outer\">\n                              <div class=\"h-image__frame-container\">\n                                <!---->\n                                <!---->\n                                <img decoding=\"async\" width=\"1000\" height=\"667\" data-src=\"http:\/\/projekt.frenz-communication.de\/Mangold\/wp-content\/uploads\/2024\/01\/AdobeStock_400346839_Preview.jpeg\" class=\"wp-image-871 style-904-image style-local-1054-c7-image lazyload\" alt=\"\" data-srcset=\"http:\/\/projekt.frenz-communication.de\/Mangold\/wp-content\/uploads\/2024\/01\/AdobeStock_400346839_Preview.jpeg 1000w, http:\/\/projekt.frenz-communication.de\/Mangold\/wp-content\/uploads\/2024\/01\/AdobeStock_400346839_Preview-300x200.jpeg 300w, http:\/\/projekt.frenz-communication.de\/Mangold\/wp-content\/uploads\/2024\/01\/AdobeStock_400346839_Preview-768x512.jpeg 768w\" data-sizes=\"(max-width: 1000px) 100vw, 1000px\" src=\"data:image\/svg+xml;base64,PHN2ZyB3aWR0aD0iMSIgaGVpZ2h0PSIxIiB4bWxucz0iaHR0cDovL3d3dy53My5vcmcvMjAwMC9zdmciPjwvc3ZnPg==\" style=\"--smush-placeholder-width: 1000px; --smush-placeholder-aspect-ratio: 1000\/667;\" \/>\n                                <div class=\"h-image__frame h-hide-lg h-hide-md h-hide-sm style-904-frameImage style-local-1054-c7-frameImage\"><\/div>\n                              <\/div>\n                            <\/div>\n                          <\/div>\n                        <\/div>\n                      <\/div>\n                    <\/div>\n                    <div class=\"h-column h-column-container d-flex h-col-lg-auto h-col-md-auto h-col-auto style-902-outer style-local-1054-c8-outer\">\n                      <div data-colibri-id=\"1054-c8\" class=\"d-flex h-flex-basis h-column__inner h-px-lg-2 h-px-md-2 h-px-2 v-inner-lg-2 v-inner-md-2 v-inner-2 style-902 style-local-1054-c8 position-relative\">\n                        <!---->\n                        <!---->\n                        <div class=\"w-100 h-y-container h-column__content h-column__v-align flex-basis-100 align-self-lg-start align-self-md-start align-self-start\">\n                          <!---->\n                          <div data-colibri-id=\"1054-c9\" class=\"h-text h-text-component style-903 style-local-1054-c9 position-relative h-element\">\n                            <!---->\n                            <!---->\n                            <div class=\"\">\n                              <p>Herzlich Willkommen bei Kathrin Mangold \u2013 Deiner Partnerin f\u00fcr ganzheitliche Gesundheit und Wohlbefinden!<\/p>\n                              <p>Meine Mission ist es, Menschen aus meiner Heimat dabei zu unterst\u00fctzen, ihre Gesundheitsziele zu erreichen und nachhaltige Ver\u00e4nderungen in ihrer Lebensweise vorzunehmen.&nbsp;<\/p>\n                              <p>Als staatlich anerkannte Di\u00e4tassistentin, Diabetesberaterin DDG und Fitnesstrainerin A-Lizenz wei\u00df ich um die individuellen Bed\u00fcrfnisse und Herausforderungen.<\/p>\n                              <p>\n                                <br>\n                              <\/p>\n                            <\/div>\n                          <\/div>\n                        <\/div>\n                      <\/div>\n                    <\/div>\n                  <\/div>\n                <\/div>\n              <\/div>\n            <\/div>\n          <\/div>\n        <\/div>\n      <\/div>\n    <\/div>\n  <\/div>\n  <div data-colibri-component=\"section\" data-colibri-id=\"1054-c10\" id=\"custom-2\" class=\"h-section h-section-global-spacing d-flex align-items-lg-center align-items-md-center align-items-center style-905 style-local-1054-c10 position-relative\">\n    <!---->\n    <!---->\n    <div class=\"h-section-grid-container h-section-boxed-container\">\n      <!---->\n      <div data-colibri-id=\"1054-c11\" class=\"h-row-container gutters-row-lg-2 gutters-row-md-2 gutters-row-0 gutters-row-v-lg-2 gutters-row-v-md-2 gutters-row-v-2 style-906 style-local-1054-c11 position-relative\">\n        <!---->\n        <div class=\"h-row justify-content-lg-center justify-content-md-center justify-content-center align-items-lg-stretch align-items-md-stretch align-items-stretch gutters-col-lg-2 gutters-col-md-2 gutters-col-0 gutters-col-v-lg-2 gutters-col-v-md-2 gutters-col-v-2\">\n          <!---->\n          <div class=\"h-column h-column-container d-flex h-col-lg-auto h-col-md-auto h-col-auto style-907-outer style-local-1054-c12-outer\">\n            <div data-colibri-id=\"1054-c12\" class=\"d-flex h-flex-basis h-column__inner h-px-lg-2 h-px-md-2 h-px-2 v-inner-lg-2 v-inner-md-2 v-inner-2 style-907 style-local-1054-c12 position-relative\">\n              <!---->\n              <!---->\n              <div class=\"w-100 h-y-container h-column__content h-column__v-align flex-basis-100 align-self-lg-start align-self-md-start align-self-start\">\n                <!---->\n                <div data-colibri-id=\"1054-c13\" class=\"h-global-transition-all h-heading style-909 style-local-1054-c13 position-relative h-element\">\n                  <!---->\n                  <div class=\"h-heading__outer style-909 style-local-1054-c13\">\n                    <!---->\n                    <!---->\n                    <h3 class=\"\">Meine \u00dcberzeugung:<\/h3>\n                  <\/div>\n                <\/div>\n                <div data-colibri-id=\"1054-c14\" class=\"h-text h-text-component style-908 style-local-1054-c14 position-relative h-element\">\n                  <!---->\n                  <!---->\n                  <div class=\"\">\n                    <p>Gesundheit ist ein lebenslanger Prozess und jeder verdient eine individuelle Begleitung auf seinem Weg. Bei mir stehen Sie als Mensch im Fokus. Mit ma\u00dfgeschneiderten L\u00f6sungen m\u00f6chte ich Sie in ihrer gewohnten Umgebung begleiten.<\/p>\n                  <\/div>\n                <\/div>\n                <div data-colibri-id=\"1054-c15\" class=\"h-global-transition-all h-heading style-911 style-local-1054-c15 position-relative h-element\">\n                  <!---->\n                  <div class=\"h-heading__outer style-911 style-local-1054-c15\">\n                    <!---->\n                    <!---->\n                    <h3 class=\"\">Mein Ansatz:<\/h3>\n                  <\/div>\n                <\/div>\n                <div data-colibri-id=\"1054-c16\" class=\"h-text h-text-component style-910 style-local-1054-c16 position-relative h-element\">\n                  <!---->\n                  <!---->\n                  <div class=\"\">\n                    <p>In der freiberuflichen T\u00e4tigkeit ist es mir m\u00f6glich, die Zeit und Aufmerksamkeit zu schenken, die f\u00fcr eine umfassende Beratung und Begleitung notwendig sind. Ob Sie eine Ern\u00e4hrungsumstellung anstreben, Ihre Diabetesmanagement verbessern,\n                      Ihre Fitness steigern oder sich in sportlicher Hinsicht weiterentwickeln m\u00f6chten \u2013 meine Dienstleistungen stehen allen offen.<\/p>\n                    <p>Besonders im Bereich der Sportern\u00e4hrung biete ich sowohl f\u00fcr gesundheitsorientierte als auch leistungsorientierte Sportler ma\u00dfgeschneiderte Unterst\u00fctzung an.<\/p>\n                    <p>Wir entwickeln gemeinsam individuelle Strategien, die zu Ihrem Lebensstil passen und langfristig umsetzbar sind.<\/p>\n                    <p>Gemeinsam gestalten wir Ihren Weg zu einem erf\u00fcllten und gesunden Leben. Ich freue mich darauf, Sie kennenzulernen!<\/p>\n                    <p>Ihre Kathrin Mangold<\/p>\n                  <\/div>\n                <\/div>\n              <\/div>\n            <\/div>\n          <\/div>\n          <div class=\"h-column h-column-container d-flex h-col-lg-auto h-col-md-auto h-col-auto style-916-outer style-local-1054-c17-outer\">\n            <div data-colibri-id=\"1054-c17\" class=\"d-flex h-flex-basis h-column__inner h-px-lg-2 h-px-md-2 h-px-2 v-inner-lg-2 v-inner-md-2 v-inner-2 style-916 style-local-1054-c17 position-relative\">\n              <!---->\n              <!---->\n              <div class=\"w-100 h-y-container h-column__content h-column__v-align flex-basis-100 align-self-lg-start align-self-md-start align-self-start\">\n                <!---->\n                <div data-colibri-id=\"1054-c18\" class=\"d-block style-917 style-local-1054-c18 position-relative h-element\">\n                  <!---->\n                  <div class=\"h-image__frame-container-outer\">\n                    <div class=\"h-image__frame-container\">\n                      <!---->\n                      <!---->\n                      <img decoding=\"async\" width=\"1000\" height=\"667\" data-src=\"http:\/\/projekt.frenz-communication.de\/Mangold\/wp-content\/uploads\/2024\/01\/AdobeStock_481803605_Preview.jpeg\" class=\"wp-image-873 style-917-image style-local-1054-c18-image lazyload\" alt=\"\" data-srcset=\"http:\/\/projekt.frenz-communication.de\/Mangold\/wp-content\/uploads\/2024\/01\/AdobeStock_481803605_Preview.jpeg 1000w, http:\/\/projekt.frenz-communication.de\/Mangold\/wp-content\/uploads\/2024\/01\/AdobeStock_481803605_Preview-300x200.jpeg 300w, http:\/\/projekt.frenz-communication.de\/Mangold\/wp-content\/uploads\/2024\/01\/AdobeStock_481803605_Preview-768x512.jpeg 768w\" data-sizes=\"(max-width: 1000px) 100vw, 1000px\" src=\"data:image\/svg+xml;base64,PHN2ZyB3aWR0aD0iMSIgaGVpZ2h0PSIxIiB4bWxucz0iaHR0cDovL3d3dy53My5vcmcvMjAwMC9zdmciPjwvc3ZnPg==\" style=\"--smush-placeholder-width: 1000px; --smush-placeholder-aspect-ratio: 1000\/667;\" \/>\n                      <div class=\"h-image__frame h-hide-lg h-hide-md h-hide-sm style-917-frameImage style-local-1054-c18-frameImage\"><\/div>\n                    <\/div>\n                  <\/div>\n                <\/div>\n              <\/div>\n            <\/div>\n          <\/div>\n        <\/div>\n      <\/div>\n    <\/div>\n  <\/div>\n<\/div>","protected":false},"excerpt":{"rendered":"<p>Herzlich Willkommen bei Kathrin Mangold \u2013 Deiner Partnerin f\u00fcr ganzheitliche Gesundheit und Wohlbefinden! Meine Mission ist es, Menschen aus meiner Heimat dabei zu unterst\u00fctzen, ihre Gesundheitsziele zu erreichen und nachhaltige Ver\u00e4nderungen in ihrer Lebensweise vorzunehmen.&nbsp; Als staatlich anerkannte Di\u00e4tassistentin, Diabetesberaterin DDG und Fitnesstrainerin A-Lizenz wei\u00df ich um die individuellen Bed\u00fcrfnisse und Herausforderungen. Meine \u00dcberzeugung: Gesundheit [&hellip;]<\/p>\n","protected":false},"author":1,"featured_media":0,"parent":0,"menu_order":0,"comment_status":"closed","ping_status":"closed","template":"page-templates\/full-width-page.php","meta":{"footnotes":""},"class_list":["post-1054","page","type-page","status-publish","hentry"],"_links":{"self":[{"href":"http:\/\/projekt.frenz-communication.de\/Mangold\/wp-json\/wp\/v2\/pages\/1054","targetHints":{"allow":["GET"]}}],"collection":[{"href":"http:\/\/projekt.frenz-communication.de\/Mangold\/wp-json\/wp\/v2\/pages"}],"about":[{"href":"http:\/\/projekt.frenz-communication.de\/Mangold\/wp-json\/wp\/v2\/types\/page"}],"author":[{"embeddable":true,"href":"http:\/\/projekt.frenz-communication.de\/Mangold\/wp-json\/wp\/v2\/users\/1"}],"replies":[{"embeddable":true,"href":"http:\/\/projekt.frenz-communication.de\/Mangold\/wp-json\/wp\/v2\/comments?post=1054"}],"version-history":[{"count":5,"href":"http:\/\/projekt.frenz-communication.de\/Mangold\/wp-json\/wp\/v2\/pages\/1054\/revisions"}],"predecessor-version":[{"id":1815,"href":"http:\/\/projekt.frenz-communication.de\/Mangold\/wp-json\/wp\/v2\/pages\/1054\/revisions\/1815"}],"wp:attachment":[{"href":"http:\/\/projekt.frenz-communication.de\/Mangold\/wp-json\/wp\/v2\/media?parent=1054"}],"curies":[{"name":"wp","href":"https:\/\/api.w.org\/{rel}","templated":true}]}}